 of 37531?
3
What is the tens digit of 85647?
4
What is the tens digit of 1100?
0
What is the units digit of 18302?
2
What is the units digit of 1463?
3
What is the hundreds digit of 2517?
5
What is the units digit of 6361?
1
What is the hundreds digit of 51995?
9
What is the tens digit of 1309?
0
What is the thousands digit of 85970?
5
What is the ten thousands digit of 10664?
1
What is the tens digit of 335?
3
What is the ten thousands digit of 23034?
2
What is the tens digit of 715?
1
What is the tens digit of 591?
9
What is the tens digit of 16621?
2
What is the thousands digit of 32123?
2
What is the tens digit of 234?
3
What is the hundreds digit of 11082?
0
What is the units digit of 140849?
9
What is the units digit of 18134?
4
What is the units digit of 3079?
9
What is the tens digit of 6002?
0
What is the thousands digit of 5092?
5
What is the tens digit of 91349?
4
What is the tens digit of 42171?
7
What is the tens digit of 375?
7
What is the units digit of 3396?
6
What is the thousands digit of 8964?
8
What is the units digit of 691?
1
What is the tens digit of 12460?
6
What is the thousands digit of 3187?
3
What is the hundred thousands digit of 102046?
1
What is the hundreds digit of 4971?
9
What is the ten thousands digit of 13194?
1
What is the units digit of 269?
9
What is the tens digit of 42387?
8
What is the thousands digit of 65876?
5
What is the hundreds digit of 4673?
6
What is the units digit of 159394?
4
What is the thousands digit of 31488?
1
What is the units digit of 8911?
1
What is the thousands digit of 29119?
9
What is the thousands digit of 39729?
9
What is the units digit of 21937?
7
What is the tens digit of 20433?
3
What is the tens digit of 3998?
9
What is the ten thousands digit of 19846?
1
What is the ten thousands digit of 27306?
2
What is the tens digit of 327?
2
What is the thousands digit of 1129?
1
What is the units digit of 7427?
7
What is the thousands digit of 1277?
1
What is the hundreds digit of 210?
2
What is the units digit of 801?
1
What is the tens digit of 5634?
3
What is the units digit of 507?
7
What is the hundreds digit of 5631?
6
What is the hundreds digit of 16064?
0
What is the units digit of 6229?
9
What is the thousands digit of 2277?
2
What is the thousands digit of 7028?
7
What is the tens digit of 1776?
7
What is the hundreds digit of 3884?
8
What is the thousands digit of 64669?
4
What is the hundreds digit of 382?
3
What is the thousands digit of 12186?
2
What is the tens digit of 48?
4
What is the hundreds digit of 80589?
5
What is the hundreds digit of 12177?
1
What is the hundreds digit of 1168?
1
What is the units digit of 74?
4
What is the hundreds digit of 131?
1
What is the hundreds digit of 16777?
7
What is the units digit of 1971?
1
What is the tens digit of 2435?
3
What is the units digit of 30760?
0
What is the thousands digit of 60025?
0
What is the tens digit of 16789?
8
What is the tens digit of 15117?
1
What is the hundreds digit of 72044?
0
What is the hundreds digit of 4779?
7
What is the tens digit of 3547?
4
What is the units digit of 976?
6
What is the tens digit of 2993?
9
What is the units digit of 80?
0
What is the thousands digit of 3046?
3
What is the hundreds digit of 535?
5
What is the units digit of 1049?
9
What is the tens digit of 55654?
5
What is the hundreds digit of 2033?
0
What is the hundreds digit of 529?
5
What is the units digit of 577?
7
What is the units digit of 21438?
8
What is the hundreds digit of 118?
1
What is the hundreds digit of 1812?
8
What is the units digit of 6941?
1
What is the units digit of 3192?
2
What is the tens digit of 12012?
1
What is the thousands digit of 16784?
6
What is the tens digit of 14067?
6
What is the ten thousands digit of 10958?
1
What is the tens digit of 14804?
0
What is the tens digit of 35015?
1
What is the tens digit of 100218?
1
What is the thousands digit of 132378?
2
What is the thousands digit of 1117?
1
What is the units digit of 405?
5
What is the units digit of 777?
7
What is the tens digit of 1462?
6
What is the ten thousands digit of 129489?
2
What is the units digit of 1323?
3
What is the hundreds digit of 2659?
6
What is the tens digit of 11322?
2
What is the units digit of 131441?
1
What is the ten thousands digit of 25532?
2
What is the tens digit of 13716?
1
What is the thousands digit of 3054?
3
What is the units digit of 8496?
6
What is the tens digit of 291?
9
What is the hundreds digit of 1020?
0
What is the tens digit of 415?
1
What is the ten thousands digit of 51604?
5
What is the ten thousands digit of 11778?
1
What is the tens digit of 20475?
7
What is the ten thousands digit of 30856?
3
What is the hundreds digit of 565?
5
What is the tens digit of 152443?
4
What is the units digit of 159?
9
What is the thousands digit of 1177?
1
What is the tens digit of 5665?
6
What is the tens digit of 1485?
8
What is the thousands digit of 5716?
5
What is the tens digit of 1544?
4
What is the ten thousands digit of 10756?
1
What is the tens digit of 91471?
7
What is the ten thousands digit of 18691?
1
What is the ten thousands digit of 10908?
1
What is the thousands digit of 5895?
5
What is the tens digit of 235?
3
What is the hundreds digit of 80717?
7
What is the units digit of 7658?
8
What is the thousands digit of 2901?
2
What is the ten thousands digit of 12674?
1
What is the hundreds digit of 233?
2
What is the units digit of 17360?
0
What is the units digit of 2938?
8
What is the tens digit of 84?
8
What is the units digit of 4638?
8
What is the units digit of 208?
8
What is the ten thousands digit of 53958?
5
What is the hundreds digit of 2676?
6
What is the tens digit of 4831?
3
What is the ten thousands digit of 108627?
0
What is the thousands digit of 1807?
1
What is the hundreds digit of 20116?
1
What is the hundred thousands digit of 132790?
1
What is the thousands digit of 15358?
5
What is the hundreds digit of 1000?
0
What is the tens digit of 82315?
1
What is the thousands digit of 28547?
8
What is the thousands digit of 1483?
1
What is the thousands digit of 5287?
5
What is the thousands digit of 35002?
5
What is the hundreds digit of 24870?
8
What is the units digit of 7540?
0
What is the tens digit of 1112?
1
What is the units digit of 1255?
5
What is the units digit of 69235?
5
What is the thousands digit of 4403?
4
What is the tens digit of 362?
6
What is the tens digit of 1268?
6
What is the thousands digit of 2292?
2
What is the thousands digit of 12447?
2
What is the units digit of 45009?
9
What is the units digit of 4115?
5
What is the hundred thousands digit of 153048?
1
What is the hundreds digit of 18607?
6
What is the thousands digit of 41873?
1
What is the units digit of 35?
5
What is the ten thousands digit of 35382?
3
What is the tens digit of 7907?
0
What is the units digit of 38327?
7
What is the tens digit of 1325?
2
What is the ten thousands digit of 40239?
4
What is the hundreds digit of 659?
6
What is the tens digit of 838?
3
What is the tens digit of 1543?
4
What is the tens digit of 21294?
9
What is the ten thousands digit of 145516?
4
What is the thousands digit of 1061?
1
What is the units digit of 902?
2
What is the thousands digit of 33067?
3
What is the tens digit of 66441?
4
What is the tens digit of 151?
5
What is the tens digit of 37493?
9
What is the tens digit of 167820?
2
What is the tens digit of 11584?
8
What is the tens digit of 32878?
7
What is the units digit of 14148?
8
What is the thousands digit of 3068?
3
What is the hundreds digit of 510?
5
What is the ten thousands digit of 13378?
1
What is the tens digit of 9720?
2
What is the hundreds digit of 143087?
0
What is the hundreds digit of 9655?
6
What is the hundreds digit of 926?
9
What is the hundreds digit of 1088?
0
What is the tens digit of 27827?
2
What is the thousands digit of 2917?
2
What is the tens digit of 38716?
1
What is the units digit of 67340?
0
What is the hundreds digit of 106213?
2
What is the tens digit of 4214?
1
What is the hundreds digit of 981?
9
What is the tens digit of 24270?
7
What is the thousands digit of 1210?
1
What is the hundreds digit of 6092?
0
What is the hundreds digit of 758?
7
What is the units digit of 11812?
2
What is the hundreds di